ors of 58213?
23, 2531
What are the prime factors of 61?
61
What are the prime factors of 31771?
31771
What are the prime factors of 5991?
3, 1997
List the prime factors of 8074.
2, 11, 367
What are the prime factors of 1135?
5, 227
List the prime factors of 2382.
2, 3, 397
What are the prime factors of 126140?
2, 5, 7, 17, 53
List the prime factors of 8029.
7, 31, 37
What are the prime factors of 402?
2, 3, 67
List the prime factors of 37815.
3, 5, 2521
List the prime factors of 18117.
3, 11, 61
What are the prime factors of 22483?
22483
List the prime factors of 25147.
25147
What are the prime factors of 863?
863
List the prime factors of 1534.
2, 13, 59
List the prime factors of 4833.
3, 179
List the prime factors of 1226.
2, 613
What are the prime factors of 1460?
2, 5, 73
List the prime factors of 2098.
2, 1049
List the prime factors of 3001.
3001
What are the prime factors of 11009?
101, 109
List the prime factors of 7642.
2, 3821
List the prime factors of 386.
2, 193
List the prime factors of 920.
2, 5, 23
List the prime factors of 8695.
5, 37, 47
What are the prime factors of 34064?
2, 2129
List the prime factors of 994.
2, 7, 71
List the prime factors of 4727.
29, 163
List the prime factors of 3156.
2, 3, 263
List the prime factors of 2681.
7, 383
What are the prime factors of 859?
859
List the prime factors of 3383.
17, 199
What are the prime factors of 109?
109
What are the prime factors of 42213?
3, 14071
What are the prime factors of 2076?
2, 3, 173
List the prime factors of 38657.
29, 31, 43
List the prime factors of 1659.
3, 7, 79
List the prime factors of 723.
3, 241
List the prime factors of 7662.
2, 3, 1277
What are the prime factors of 6561?
3
What are the prime factors of 126106?
2, 17, 3709
List the prime factors of 21168.
2, 3, 7
What are the prime factors of 36575?
5, 7, 11, 19
List the prime factors of 5341.
7, 109
What are the prime factors of 7346?
2, 3673
List the prime factors of 14612.
2, 13, 281
What are the prime factors of 406?
2, 7, 29
List the prime factors of 7959.
3, 7, 379
List the prime factors of 2326.
2, 1163
List the prime factors of 15358.
2, 7, 1097
List the prime factors of 55600.
2, 5, 139
List the prime factors of 1379.
7, 197
What are the prime factors of 8858?
2, 43, 103
What are the prime factors of 104085?
3, 5, 257
List the prime factors of 36642.
2, 3, 31, 197
List the prime factors of 3184.
2, 199
List the prime factors of 17821.
71, 251
List the prime factors of 36050.
2, 5, 7, 103
List the prime factors of 845.
5, 13
What are the prime factors of 13050?
2, 3, 5, 29
List the prime factors of 39859.
23, 1733
List the prime factors of 138329.
17, 79, 103
List the prime factors of 11834.
2, 61, 97
List the prime factors of 41985.
3, 5, 311
What are the prime factors of 65356?
2, 16339
List the prime factors of 4925.
5, 197
What are the prime factors of 708?
2, 3, 59
List the prime factors of 5779.
5779
What are the prime factors of 31240?
2, 5, 11, 71
What are the prime factors of 58901?
58901
What are the prime factors of 22640?
2, 5, 283
What are the prime factors of 8980?
2, 5, 449
What are the prime factors of 313?
313
List the prime factors of 417.
3, 139
What are the prime factors of 5117?
7, 17, 43
What are the prime factors of 6922?
2, 3461
What are the prime factors of 694?
2, 347
List the prime factors of 4204.
2, 1051
What are the prime factors of 468?
2, 3, 13
List the prime factors of 54915.
3, 5, 7, 523
What are the prime factors of 1092?
2, 3, 7, 13
What are the prime factors of 553?
7, 79
What are the prime factors of 2?
2
What are the prime factors of 24998?
2, 29, 431
What are the prime factors of 9166?
2, 4583
What are the prime factors of 3424?
2, 107
What are the prime factors of 2289?
3, 7, 109
What are the prime factors of 1234?
2, 617
List the prime factors of 254.
2, 127
What are the prime factors of 7285?
5, 31, 47
What are the prime factors of 1980?
2, 3, 5, 11
List the prime factors of 371.
7, 53
List the prime factors of 14293.
14293
List the prime factors of 52658.
2, 113, 233
List the prime factors of 8941.
8941
List the prime factors of 45321.
3, 15107
List the prime factors of 1867.
1867
List the prime factors of 13266.
2, 3, 11, 67
What are the prime factors of 4400?
2, 5, 11
List the prime factors of 835.
5, 167
What are the prime factors of 11695?
5, 2339
What are the prime factors of 41079?
3, 13693
List the prime factors of 36179.
11, 13, 23
List the prime factors of 9329.
19, 491
What are the prime factors of 7418?
2, 3709
List the prime factors of 675.
3, 5
What are the prime factors of 24933?
3, 8311
List the prime factors of 17243.
43, 401
List the prime factors of 32832.
2, 3, 19
List the prime factors of 7815.
3, 5, 521
What are the prime factors of 37536?
2, 3, 17, 23
What are the prime factors of 15806?
2, 7, 1129
What are the prime factors of 676?
2, 13
List the prime factors of 1101.
3, 367
List the prime factors of 768.
2, 3
List the prime factors of 5768.
2, 7, 103
What are the prime factors of 18765?
3, 5, 139
List the prime factors of 1100.
2, 5, 11
List the prime factors of 7351.
7351
List the prime factors of 58186.
2, 47, 619
List the prime factors of 2468.
2, 617
List the prime factors of 4515.
3, 5, 7, 43
List the prime factors of 1160.
2, 5, 29
List the prime factors of 2304.
2, 3
List the prime factors of 728.
2, 7, 13
List the prime factors of 9650.
2, 5, 193
List the prime factors of 2771.
17, 163
What are the prime factors of 397?
397
List the prime factors of 2280.
2, 3, 5, 19
List the prime factors of 3123.
3, 347
What are the prime factors of 10897?
17, 641
List the prime factors of 2811.
3, 937
List the prime factors of 1136.
2, 71
List the prime factors of 822.
2, 3, 137
List the prime factors of 4786.
2, 2393
What are the prime factors of 169?
13
List the prime factors of 44957.
11, 61, 67
What are the prime factors of 17521?
7, 2503
List the prime factors of 590.
2, 5, 59
What are the prime factors of 14142?
2, 3, 2357
What are the prime factors of 1048?
2, 131
List the prime factors of 143.
11, 13
List the prime factors of 121065.
3, 5, 7, 1153
What are the prime factors of 728?
2, 7, 13
List the prime factors of 4611.
3, 29, 53
What are the prime factors of 527?
17, 31
List the prime factors of 4318.
2, 17, 127
What are the prime factors of 71794?
2, 35897
What are the prime factors of 34286?
2, 7, 31, 79
List the prime factors of 32123.
7, 13, 353
List the prime factors of 1875.
3, 5
List the prime factors of 26640.
2, 3, 5, 37
What are the prime factors of 10084?
2, 2521
List the prime factors of 42346.
2, 31, 683
List the prime factors of 2297.
2297
What are the prime factors of 44448?
2, 3, 463
What are the prime factors of 667?
23, 29
What are the prime factors of 22318?
2, 11159
List the prime factors of 25514.
2, 12757
List the prime factors of 20882.
2, 53, 197
List the prime factors of 2596.
2, 11, 59
List the prime factors of 17526.
2, 3, 23, 127
List the prime factors of 4013.
4013
What are the prime factors of 168?
2, 3, 7
List the prime factors of 93.
3, 31
What are the prime factors of 51225?
3, 5, 683
What are the prime factors of 8424?
2, 3, 13
What are the prime factors of 55789?
47, 1187
What are the prime factors of 5773?
23, 251
What are the prime factors of 69131?
73, 947
What are the prime factors of 1027?
13, 79
List the prime factors of 15842.
2, 89
List the prime factors of 272.
2, 17
What are the prime factors of 1715?
5, 7
What are the prime factors of 1417?
13, 109
List the prime factors of 249.
3, 83
List the prime factors of 41042.
2, 20521
List the prime factors of 72107.
7, 10301
List the prime factors of 90372.
2, 3, 17, 443
What are the prime factors of 2384?
2, 149
What are the prime factors of 3114?
2, 3, 173
List the prime factors of 196667.
193, 1019
What are the prime factors of 7752?
2, 3, 17, 19
What are the prime factors of 7931?
7, 11, 103
What are the prime factors of 533?
13, 41
List the prime factors of 47620.
2, 5, 2381
List the prime factors of 12846.
2, 3, 2141
What are the prime factors of 17424?
2, 3, 11
List the prime factors of 25.
5
What are the prime factors of 14444?
2, 23, 157
What are the prime factors of 26300?
2, 5, 263
List the prime factors of 109755.
3, 5, 